245420 (base 6) to base 3.
2211222010210
1389a43 (base 12) to base 4
32323322103
What is -24d0ea (base 16) in base 6?
-123414134
Convert 30120230 (base 4) to base 7.
300623
Convert 2230113320 (base 4) to base 8.
2542770
43b35 (base 14) to base 16
28103
-10333023330 (base 4) to base 15
-1ac593
-406914 (base 11) to base 4
-2133133232
What is 55dabb (base 15) in base 9?
7633055
What is -111bd57 (base 14) in base 7?
-126114440
Convert -444776 (base 9) to base 6.
-5411240
56971 (base 11) to base 16
141b6
Convert -1334550 (base 11) to base 12.
-931839
546b8 (base 13) to base 8
452266
-46044244 (base 7) to base 5
-2011324142
108370 (base 11) to base 7
1314602
-321333411 (base 6) to base 14
-a797c3
6433566 (base 9) to base 5
1340302202
13737b (base 12) to base 9
542875
What is 876dd7 (base 14) in base 10?
4590705
42141242 (base 5) to base 8
1252604
Convert 1342738 (base 9) to base 6.
23443312
Convert -c9127 (base 13) to base 5.
-43101312
-8b7584 (base 12) to base 16
-220d74
What is -3890 (base 14) in base 2?
-10011011000110
Convert -3115021 (base 6) to base 15.
-2e73d
-2202001111111 (base 3) to base 10
-1457635
Convert 10000022221100 (base 3) to base 4.
12012311013
4a981a (base 13) to base 2
110110101011110111010
What is -110001100110001010000111 (base 2) in base 15?
-121c3bb
What is -8f25e4 (base 16) in base 3?
-122122121210100
1923816 (base 10) to base 2
111010101101011101000
682215 (base 10) to base 9
1248736
What is 120121000022021 (base 3) in base 9?
16530267
Convert 4448a (base 12) to base 6.
1535054
-2fbeb (base 16) to base 12
-9520b
f89e (base 16) to base 9
106267
What is -795a63 (base 11) in base 10?
-1267060
Convert 10220121 (base 5) to base 4.
110322131
2c373 (base 15) to base 16
22cc5
1032003430 (base 5) to base 11
1286391
-20031006 (base 7) to base 3
-10010001201220
331010023110 (base 4) to base 15
161312c
a4aa5 (base 11) to base 3
21202221212
Convert 42494 (base 10) to base 11.
29a21
Convert 2212102010 (base 3) to base 6.
1113133
What is -64017466 (base 8) in base 4?
-310001330312
What is -14307 (base 10) in base 6?
-150123
What is 8842 (base 10) in base 11?
6709
Convert 104333353 (base 6) to base 7.
22046403
What is -10001000110110110110 (base 2) in base 10?
-560566
What is 425616 (base 10) in base 4?
1213322100
What is 66643010 (base 7) in base 8?
25757252
What is -1c18c7 (base 13) in base 12?
-2a7435
What is -22220111012 (base 3) in base 6?
-3431352
232223220221 (base 4) to base 2
101110101011101000101001
What is -1140304144 (base 5) in base 13?
-724724
Convert 10110010110110001 (base 2) to base 12.
44ba9
Convert -13141103 (base 6) to base 11.
-276455
What is 34504346 (base 7) in base 2?
1011100010111101111101
Convert 3dd7b4 (base 15) to base 5.
1230404434
Convert 3479 (base 10) to base 8.
6627
Convert 5820301 (base 9) to base 16.
2ff533
Convert -6450065 (base 7) to base 10.
-785174
What is 320003202 (base 4) in base 10?
229602
273a4 (base 13) to base 2
10001110110110110
What is 100011000101010001 (base 2) in base 10?
143697
16c7392 (base 13) to base 10
7413304
What is -300231012 (base 4) in base 6?
-4135330
-329529 (base 15) to base 4
-21030212202
Convert -10442321 (base 5) to base 11.
-64245
31320111 (base 4) to base 6
1115113
-3a653 (base 14) to base 12
-6b369
Convert -17461377 (base 8) to base 2.
-1111100110001011111111
-1528382 (base 13) to base 11
-38a6909
What is -7127437 (base 8) in base 11?
-1074395
What is 25a9d (base 14) in base 4?
112213223
363958 (base 13) to base 4
10323301312
Convert -110113020100 (base 4) to base 14.
-9cd2a4
Convert d7102d (base 14) to base 11.
411111a
Convert 65620000 (base 7) to base 8.
25376113
What is -1167003 (base 9) in base 12?
-267556
Convert -a08e45 (base 15) to base 2.
-11101000101010100011101
-232132231 (base 4) to base 11
-120044
What is -c8c755 (base 14) in base 5?
-3214424331
Convert 100001000000001001 (base 2) to base 15.
2a0bc
What is 8661814 (base 9) in base 10?
4646578
cb0a (base 15) to base 16
a7e9
What is -4fc16 (base 16) in base 12?
-139072
What is 16263 (base 16) in base 10?
90723
Convert 11031110111 (base 4) to base 3.
2120100210112
Convert 32138 (base 13) to base 4.
112002311
-112102001002 (base 3) to base 4
-1011033122
What is -3d8a21 (base 16) in base 5?
-2013024212
What is 10dc8 (base 15) in base 10?
53738
6345206 (base 8) to base 14
31dd9c
77a5 (base 11) to base 8
24047
Convert 224d8 (base 14) to base 13.
2bbb3
111303333 (base 6) to base 8
7575351
What is -305c0 (base 14) in base 13?
-40c97
Convert -3248534 (base 9) to base 3.
-10021122121011
What is 241310352 (base 6) in base 9?
8504865
What is -68710c (base 15) in base 2?
-10011000001000100011000
2120211021120 (base 3) to base 7
14452623
Convert -524645 (base 9) to base 2.
-1001100001000000010
Convert 253011204 (base 6) to base 8.
22543164
What is -131c229 (base 13) in base 4?
-112313313102
Convert 43455 (base 16) to base 12.
113559
What is 1001110110001010110 (base 2) in base 15?
658eb
What is 22030232001 (base 4) in base 7?
31503366
Convert 21102220 (base 5) to base 7.
1330052
296423 (base 11) to base 14
c0702
What is -3050515 (base 6) in base 13?
-5198c
3a1db (base 14) to base 16
22ee5
What is 110de (base 16) in base 6?
1255222
What is -3063751 (base 8) in base 4?
-3012133221
Convert 4012410 (base 7) to base 10.
473886
Convert 416264 (base 7) to base 6.
1312315
What is -13201332220 (base 4) in base 11?
-1129263
Convert 48674 (base 9) to base 5.
2021004
11010111001001001 (base 2) to base 15
22988
Convert 1100213022 (base 4) to base 2.
1010000100111001010
-36f9b (base 16) to base 11
-1441a9
What is 3007011 (base 10) in base 3?
12122202211210
What is 111531401 (base 7) in base 11?
39232a2
Convert 165415 (base 7) to base 15.
9c41
What is 1666525 (base 8) in base 12?
1b5819
Convert 54231 (base 11) to base 7.
445516
What is 10010001001001010 (base 2) in base 8?
221112
Convert -13a53a3 (base 11) to base 15.
-328855
What is -5b0989 (base 14) in base 2?
-1011111000001001101101
Convert 141c1 (base 13) to base 7.
214561
What is -11100101101111110101100 (base 2) in base 14?
-ddd804
What is -1011021010101022 (base 3) in base 2?
-111111011000011000000101
Convert 160786 (base 13) to base 7.
4423603
131734 (base 11) to base 7
1522023
What is 248958 (base 13) in base 10?
876000
Convert 10101000110000111 (base 2) to base 9.
141467
What is -79397 (base 15) in base 2?
-1011110001000011111
-1ad94a (base 14) to base 11
-5a5970
-d0d08 (base 14) to base 4
-1322203030
Convert 254214242 (base 6) to base 8.
22736022
Convert 271662 (base 8) to base 12.
47096
-404723 (base 11) to base 14
-12d052
Convert -1223207 (base 12) to base 10.
-3530599
98c005 (base 16) to base 10
10010629
What is 41c27 (base 13) in base 8?
347346
Convert -152214225 (base 6) to base 7.
-36055325
What is 2201100212020 (base 3) in base 14?
298383
-44621666 (base 7) to base 11
-220445a
16753 (base 15) to base 2
10001101101010000
Convert 4101222 (base 6) to base 12.
94812
-707be (base 16) to base 12
-1a2766
Convert a741c (base 13) to base 2.
1001001101001111010
What is -918e8 (base 16) in base 12?
-249034
Convert -12244001 (base 5) to base 7.
-1002564
Convert 5255051 (base 6) to base 16.
3e9a7
What is 14faa (base 16) in base 7?
505345
Convert -201020021 (base 3) to base 12.
-8144
2bab3b1 (base 12) to base 15
bb7abd
2434200 (base 7) to base 2
1001011111110011111
Convert 20723626 (base 9) to base 4.
212020031130
-230344322 (base 5) to base 15
-154942
Convert -8346a (base 16) to base 8.
-2032152
Convert 114410031 (base 5) to base 11.
342011
What is -101211012 (base 3) in base 5?
-223024
Convert -10101101100110001010 (base 2) to base 8.
-2554612
Convert 312a19 (base 12) to base 10.
772149
Convert -7a8e1 (base 16) to base 7.
-4160341
Convert -4321203 (base 5) to base 3.
-10201112221
Convert 11022044 (base 5) to base 4.
113100222
Convert -24163662 (base 7) to base 16.
-20cf76
What is 2363056 (base 7) in base 8?
1114213
Convert 80c6 (base 16) to base 14.
c02a
What is 60896 (base 10) in base 8?
166740
Convert 1ca6c (base 13) to base 6.
1114305
136415261 (base 7) to base 8
42303111
What is -2043261 (base 8) in base 14?
-10193b
Convert -813315 (base 14) to base 8.
-20457627
10100001001000101 (base 2) to base 11
56a91
-396023 (base 12) to base 13
-2705c1
Convert -21cac0 (base 13) to ba